units digit of b?
1
Let p(q) = q**3 - 8*q**2 - 7*q - 7. Let w(o) = 10*o**2 - 2*o + 1. Let n be w(1). What is the units digit of p(n)?
1
Let n(s) = 3*s**2 - 2*s - 5. What is the tens digit of n(-5)?
8
Let l(f) = -f - 2. Let a be l(-6). Let q be a/(-22) + (-114)/(-22). Suppose d + 2*c - 5 - 8 = 0, -c + 65 = q*d. What is the tens digit of d?
1
Suppose 68 = a + 16. What is the units digit of a?
2
Let i = -10 - -16. Let k be i*(44/(-6) - -2). Let b = k - -47. What is the tens digit of b?
1
Suppose -2*v - v = 2*s - 632, 5*s - 1580 = -4*v. What is the hundreds digit of s?
3
Let b be (10/25 + (-24)/10)*-2. Let w be 1 + 0 - 7*-1. Let l = b + w. What is the tens digit of l?
1
Let o = 0 - 33. Let a = -4 - 43. Let c = o - a. What is the tens digit of c?
1
Let y(g) = g**3 - 4*g**2 + 5. Let c be y(4). Let s = 18 - c. What is the units digit of s?
3
Suppose -3*s = -7*s - 16. Let j = s - -9. Let l = j + 11. What is the tens digit of l?
1
Let m = 21 + 0. What is the units digit of m?
1
Suppose -16 = -5*z + 4. Suppose z*y + 8 = 20. Let p = 5 - y. What is the units digit of p?
2
Suppose 2*l + 3 + 5 = 0. Let h = l + 10. What is the units digit of h?
6
Suppose -3*r - 2 = -4*j + 2*r, -7 = j - 5*r. Suppose -j*v + 36 = -2*l, 0*v - 2 = v. What is the units digit of -2 + 2 - l/3?
7
Let q be (32/12)/((-2)/(-18)). Suppose -3*n = -4*n + q. What is the tens digit of n?
2
Let t = 1 - -1. Suppose t*m = -4 - 4. Let r = m + 11. What is the units digit of r?
7
Let f = -186 - -314. What is the tens digit of f?
2
Let z be (-2 + 24/(-2))/(-2). Let r = z + -6. What is the units digit of r?
1
Let b be 524/16 + (-2)/(-8). Let a = b - 9. What is the units digit of a?
4
Let i be ((-4)/(-12))/(2/24). What is the units digit of (-2 + i)*(-18)/(-4)?
9
Let n(x) = -7*x - 1. Let f be n(-7). Let s = 71 - f. What is the tens digit of s?
2
Suppose 5*h = 4*o - 0*h - 1432, -2*o + 3*h = -716. What is the tens digit of o?
5
Suppose -4*l = -3*q + l + 106, 0 = -q - 3*l + 54. What is the tens digit of q?
4
Suppose -8 = g - 36. What is the tens digit of g?
2
Let f = 13 - -23. What is the units digit of f?
6
Let t(c) = -23*c + 2. What is the units digit of t(-1)?
5
Suppose -4*t = -g + 9 - 34, -4*t = 5*g - 19. Let h be (-8 - -5)*(-10)/t. Let n = 8 - h. What is the units digit of n?
3
Suppose 2*w - 6*w = -200. What is the tens digit of w?
5
Suppose 0 = 6*p - 378 + 36. What is the units digit of p?
7
Suppose 11*a = 17*a - 150. What is the tens digit of a?
2
Let r = -45 + 71. Let l = 44 - r. What is the units digit of l?
8
Let r = -5 + 8. Let f be r + -1*(2 + -1). Suppose -d = f*h - 40, -2*h + 0*d - 2*d = -44. What is the tens digit of h?
1
Suppose -v - 2*t = -41, 2*v - 9*t + 8*t - 57 = 0. What is the units digit of v?
1
Let g(n) be the third derivative of n**6/60 - n**5/60 + n**4/12 - n**2. What is the tens digit of g(2)?
1
Suppose -2*s - 29 = -13. Let l = s + 16. What is the units digit of l?
8
What is the units digit of (-3)/(-5) + (-484)/(-10)?
9
Suppose -16 = -4*b, -3*j + 7*b - 12*b + 1121 = 0. What is the hundreds digit of j?
3
Suppose -n + 3*n = 6. Suppose -2*z = n*z - 40. Let l(p) = p**3 - 7*p**2 - 5*p - 11. What is the tens digit of l(z)?
1
What is the units digit of ((-8646)/44)/(6/(-8))?
2
Suppose -3*h = -7*h + 20. Suppose -n + 31 = 3*o - 47, 2*o - h*n - 69 = 0. What is the tens digit of o?
2
Let m(o) = 2*o**3 + 16*o**2 - o - 3. What is the units digit of m(-8)?
5
Let c = 59 - -3. What is the tens digit of c?
6
Let s = 7 + 136. What is the hundreds digit of s?
1
Let i(o) = -o**3 - 4*o**2 - o + 1. Let c(p) = -p**2 - 8*p - 9. Let u be c(-6). Suppose 7*n + 16 = u*n. What is the units digit of i(n)?
5
Let r(l) be the second derivative of l**5/60 - l**4/12 + l**3 + 2*l**2 - 4*l. Let q(g) be the first derivative of r(g). What is the tens digit of q(5)?
2
What is the units digit of (-2)/9 - 11/(-9)?
1
Let h(c) = 3*c. Let r be h(1). Suppose 4*f - r = -19. What is the tens digit of (26 + 0)*(-2)/f?
1
Let r be -2 - (-1 + 1 - 7). Suppose 2*q + q + 4*h = -12, -r*q = -4*h + 20. Let p = q + 9. What is the units digit of p?
5
Let h be (-6)/24 - (-42)/8. Let a(s) = s + 1. What is the units digit of a(h)?
6
Let d = -15 + 8. What is the units digit of d/((12/(-3))/4)?
7
Let k(j) = j**2 - 2*j + 32. What is the tens digit of k(5)?
4
Suppose -4*h - 60 = -2*y - y, -3*h = 0. What is the tens digit of y?
2
Let z = 13 - 10. What is the units digit of z/((-3)/(-14)) + -2?
2
Let n = 11 - -81. Let b = -59 + n. What is the units digit of b?
3
Let g = -45 + 65. What is the units digit of g?
0
Suppose 3*h = h - 3*v + 4, 5*h - 5*v = 60. What is the units digit of h?
8
Suppose -5*c + 33 = 4*t, -3*c + 8*c = -5*t + 35. Suppose -5*s = 5*v - 985, -c*s + 3*v = 4*v - 965. What is the units digit of s/20 - (-4)/10?
0
Let q(i) = -i**3 + 6*i**2 - 6*i - 3. What is the units digit of q(3)?
6
Suppose 0 = 3*h - 2*h + 9. Let q = 3 - h. Let z = q - -3. What is the units digit of z?
5
Suppose -u + 5 = 2*x - 32, 4*x - 8 = 0. Suppose -2*n + 25 = -3. Suppose 0 = -s + u - n. What is the units digit of s?
9
Let f(z) = -8*z**2 - z. Let k be f(1). Let b = k + 7. What is the units digit of 1*(4 + b + 5)?
7
Let i(l) = -l**2 - 11*l - 8. Let h be i(-7). Let m = -5 + h. What is the tens digit of m?
1
Let b(z) = 21*z + 8. Let x be b(-4). Let j = x + 112. What is the units digit of j?
6
Let a(l) be the third derivative of -l**5/60 - l**4/6 + 3*l**3/2 - 3*l**2. Let z be a(9). What is the units digit of (-2)/3*z/8?
9
Suppose -3*z + 311 = 5*q, 2*q + 130 = 4*q + 4*z. What is the units digit of q?
1
Suppose -3*r + 3*b = -6, b + 5 = 5*r - 13. Suppose 3*k - 3 = r*k. Let s = -2 - k. What is the units digit of s?
1
Let t = 90 + -55. What is the units digit of t?
5
Suppose -5*z + 0*z = -10. Suppose 0 = 3*g + z*g. What is the units digit of g - 1 - -10*1?
9
Let z(w) = -4*w + 1. Let r(o) = 5*o. Let i(c) = 2*r(c) + 3*z(c). What is the units digit of i(0)?
3
Suppose -3*w - 10 = -y, -3*w - 2*w = -y + 14. What is the units digit of y?
4
Let q(n) = 2*n - 3. Suppose 3*b + b = 0. Let g be 2*((-15)/(-6) + b). What is the units digit of q(g)?
7
Let b(k) = -3*k**2 - k + 4. Let j be b(-2). Let c = 0 - j. What is the units digit of c?
6
Let n(s) = 9*s**3 - s**2 + 1. Suppose -4 = 5*i + 1. Let q = 2 + i. What is the units digit of n(q)?
9
Suppose 0 = -3*s - 2*k + 570, 2*s = s + 5*k + 207. What is the units digit of s?
2
Let p(f) = f**2 - 2*f - 1. Let z be p(-1). Suppose -2*m + z = -4. Suppose -m*u = -4*s + 15, -4*u + 0*u = 5*s - 11. What is the units digit of s?
3
Let f(h) be the first derivative of 13*h**3/3 + 13*h**2/2 - 4*h + 1. Let i(a) = -7*a**2 - 7*a + 2. Let d(r) = 6*f(r) + 11*i(r). What is the tens digit of d(3)?
1
What is the tens digit of (217 - 2)*((-6)/10 + 1)?
8
Suppose 202 = 3*k + 55. What is the units digit of k?
9
Let m be 327/(-13) - 4/(-26). Let r = 54 + m. Let t = r - 13. What is the tens digit of t?
1
Let u(o) = o**3 + o**2 - 5*o - 3. Let c be u(-3). Let g = 10 + c. What is the units digit of 2/3 + g/12?
1
Let c be 3 - (-3 + 3)/1. Let h(q) = -q + 3*q + 15*q**c - 3*q + 4 - 3. What is the tens digit of h(1)?
1
Suppose -2*g + 4*l = -0*g + 12, 3*g + 3*l - 27 = 0. Let w be (g/(-8))/((-1)/(-32)). What is the units digit of 3*(-2 + w/(-6))?
2
Let g(i) = 3*i**3 - 2*i. Let m be g(3). Let f = -3 - 2. What is the tens digit of ((-4)/f)/(6/m)?
1
Suppose 28 = b + 5*p - 24, p = -1. Suppose -5*n + 33 = -b. What is the units digit of n?
8
Let c(v) = -v**3 - 7*v**2 - 8*v - 9. Let s = -6 - -9. Suppose s*d - 4*d - 6 = 0. What is the units digit of c(d)?
3
Let h(o) = -12*o + 140. What is the hundreds digit of h(0)?
1
Suppose 0 = 3*m + 2 - 17. Let j(q) = 5*q - 7. What is the tens digit of j(m)?
1
Let f = 3 + 3. What is the units digit of (f/9 - -1)*3?
5
Suppose -16 = -0*a - 2*a. Suppose -4*p = 5*l, -3*p = 5*l - a*p. Suppose l = -4*m - 5*d + 46, -d - 11 = -m - 2*d. What is the units digit of m?
9
Let x = 4 - 6. Let l be (-3*(-6)/(-9))/x. What is the units digit of 55/5 - l*-2?
3
Suppose -3*p - 3 = -0. Let w(g) = -3*g - 1. Let i be w(p). What is the tens digit of 2/i*(-28)/(-2)?
1
Let j(t) = -32*t + 1. Let d be j(-1). Suppose -2*f + 3*k = -d + 11, 2*f - 2*k = 20. What is the units digit of f?
8
Suppose -4 = 5*v + 1. What is the units digit of 0 + 2 - (-1)/v?
1
Let d(p) = 4*p**2 + p